+ 13*j**2 + 8*j - 10. Determine z(-12).
38
Let p(i) = i**3 - 7*i**2 + 2*i + 2. What is p(7)?
16
Let a(t) = t**2 + 17*t + 1. Determine a(-16).
-15
Let l(s) = -2*s - 4. Calculate l(-2).
0
Let d(i) = i**2 + 22*i - 76. What is d(-26)?
28
Let g(w) = -3*w**2 - 8*w - 7. Determine g(-5).
-42
Let o(x) = -x**2 - 4*x + 12. Calculate o(-5).
7
Let q(o) = -67*o**3 - o**2 + 1. Determine q(-1).
67
Let d(h) = -h**3 + 2*h**2 - h - 1. What is d(1)?
-1
Let p(b) = -b - 37. Determine p(-15).
-22
Let c(m) = m - 17. What is c(0)?
-17
Let l(y) = y**2 + 15*y + 28. Calculate l(-13).
2
Let f(w) = -w**2 + 7*w - 1. Calculate f(5).
9
Let w(u) = 14*u - 69. Determine w(5).
1
Let u(x) = 2*x - 2. Give u(-4).
-10
Let j(o) = -2*o**2 - 19*o + 68. Give j(-11).
35
Let k(x) = x**2 - 11*x + 25. What is k(11)?
25
Let o(n) = n**3 + 3*n**2 + 7*n + 15. Calculate o(-3).
-6
Let a(l) = -l**3 - 5*l**2 - 3*l - 12. Calculate a(-5).
3
Let j(l) = -69*l + 185. Calculate j(3).
-22
Let w(y) = y**2 - 10*y + 4. What is w(10)?
4
Let b(w) = -w**3 + 15*w**2 + 2. Calculate b(15).
2
Let n(h) = h**3 + 2*h**2 + h + 17. What is n(0)?
17
Let l(a) = -50*a - 10. Give l(-1).
40
Let l(s) = s**3 - s - 71. Calculate l(0).
-71
Let s(i) = i**2 - 15*i + 28. Determine s(8).
-28
Let i(x) = 2*x + 20. Determine i(-16).
-12
Let s(w) = -16*w + 423. Give s(26).
7
Let c(p) = 4*p + 67. Give c(-18).
-5
Let j(m) = m**3 + 24*m**2 + 46*m + 32. What is j(-22)?
-12
Let x(g) = -3*g + 23. What is x(6)?
5
Let p(t) = 33*t + 4. What is p(-2)?
-62
Let u(p) = 2*p**2 - 57*p - 28. What is u(29)?
1
Let c(w) = -w**3 - 11*w**2 - 25*w + 8. Give c(-4).
-4
Let j(z) = z**2 + 2*z - 56. What is j(6)?
-8
Let a(d) = -d**2 - 3*d - 3. Calculate a(-5).
-13
Let x(f) = f**2 - 34*f + 24. Give x(33).
-9
Let k(d) = -d**3 - 2*d**2 + 5*d + 4. Calculate k(-4).
16
Let t(k) = -k**2 - 7*k + 20. Give t(-9).
2
Let j(w) = -2*w**2 + 4*w + 4. Give j(-3).
-26
Let d(q) = -q**3 + 14*q**2 - 12*q - 17. Calculate d(13).
-4
Let q(s) = 7*s + 31. Determine q(-5).
-4
Let j(v) = 2*v**3 - 3*v**2 - v - 2. Calculate j(2).
0
Let u(n) = 3*n**2 + 42*n - 156. What is u(-17)?
-3
Let t(f) = f**3 + 9*f**2 - 3*f - 17. Calculate t(-9).
10
Let v(l) = 6*l + 24. Give v(-4).
0
Let r(l) = l**3 + 2*l**2 - 9*l - 14. Determine r(-4).
-10
Let w(j) = j**3 + 33*j**2 + 34*j + 59. Calculate w(-32).
-5
Let k(d) = 5*d + 140. Calculate k(-28).
0
Let d(b) = b**3 + 8*b**2 + 6*b + 2. Determine d(-7).
9
Let j(h) = h**3 + 18*h**2 + 3*h + 45. Calculate j(-18).
-9
Let w(x) = x**3 + 5*x**2 + 6*x. What is w(-2)?
0
Let c(o) = -3*o - 13. Give c(-6).
5
Let y(k) = -10*k + 32. Give y(2).
12
Let h(f) = -f + 8. Determine h(5).
3
Let k(p) = -3*p**2 + 3*p + 4. Give k(4).
-32
Let v(u) = 7*u**2 + u - 5. Calculate v(-2).
21
Let v(f) = f**3 - 9*f**2 + 8*f + 38. Determine v(7).
-4
Let h(x) = -x**3 - 7*x**2 - 4*x - 5. Give h(-6).
-17
Let n(w) = w**3 - 4*w**2 + 3*w - 6. Calculate n(3).
-6
Let r(o) = -5*o - 2. Determine r(-3).
13
Let i(y) = 2*y**3 + 3*y**2 - 4. Determine i(2).
24
Let c(f) = 2*f**3 + 12*f**2 - 32*f - 10. Determine c(-8).
-10
Let n(u) = -2*u**2 + 7*u + 5. Give n(6).
-25
Let k(x) = x**2 + 6*x. Calculate k(-10).
40
Let m(g) = g**2 - 13*g + 13. Calculate m(12).
1
Let x(c) = -2*c**2 - 10*c + 44. Determine x(-10).
-56
Let k(l) = 29*l + 35. Give k(-2).
-23
Let b(p) = p + 11. Calculate b(-5).
6
Let x(q) = -q. Calculate x(6).
-6
Let w(t) = t**3 - 7*t**2 + 3*t + 1. Calculate w(7).
22
Let x(z) = -z**3 - 14*z**2 - 13*z - 10. Calculate x(-13).
-10
Let x(y) = 2*y**3 - 14*y**2 - 2*y + 8. Give x(7).
-6
Let y(x) = 10*x + 2. Calculate y(5).
52
Let a(x) = -4*x + 1. Calculate a(-4).
17
Let k(i) = i**3 - 3*i**2 - 6*i + 9. Give k(-3).
-27
Let l(f) = 8*f + 22. Determine l(-7).
-34
Let i(q) = q**2 + 34*q - 152. Give i(4).
0
Let x(a) = 4*a**2 + 4*a - 8. Calculate x(3).
40
Let x(u) = u**3 - 5*u**2 + 6*u - 3. Give x(2).
-3
Let a(k) = -7*k**2 - 2*k + 7. Give a(3).
-62
Let g(h) = h**3 - 31*h**2 - 101*h - 39. Determine g(34).
-5
Let z(g) = g**2 - 3*g + 7. Give z(-3).
25
Let q(a) = 2*a**2 - 23*a - 15. What is q(12)?
-3
Let m(i) = 8*i**2 - 112*i + 19. Give m(14).
19
Let o(c) = -7*c**3 + 2*c**2 + c - 3. Give o(-2).
59
Let c(s) = 6*s - 56. Give c(11).
10
Let g(q) = -q**3 - 6*q**2 - q + 9. Determine g(-6).
15
Let o(q) = q**2 + 10*q - 25. What is o(-12)?
-1
Let b(q) = 3*q**3 - 4*q**2 - 3*q + 2. Calculate b(3).
38
Let o(y) = -y**2 - 38*y - 169. Calculate o(-33).
-4
Let c(j) = -3*j + 17. What is c(8)?
-7
Let n(p) = -4*p. What is n(-3)?
12
Let r(f) = f**3 + 23*f**2 + 21*f - 30. Calculate r(-22).
-8
Let i(u) = 8*u**2 + 2*u + 3. Give i(-1).
9
Let a(i) = 2*i**3 - 16*i**2 - 16*i - 23. Calculate a(9).
-5
Let l(b) = -2*b**3 + 5*b**2 + 4*b. Calculate l(3).
3
Let l(r) = r + 3. Calculate l(-8).
-5
Let q(n) = -2*n**2 - 51*n - 169. What is q(-22)?
-15
Let q(f) = -5*f. Give q(-2).
10
Let r(y) = -21*y**2 + 5*y - 3. Calculate r(1).
-19
Let l(g) = g**3 - 11*g**2 + 9*g + 1. Determine l(10).
-9
Let h(j) = -j**2 + 17*j - 23. Give h(16).
-7
Let b(i) = -i**2 - 5*i + 6. What is b(-6)?
0
Let o(h) = 26*h**2 + 1. Calculate o(-2).
105
Let d(i) = i**2 - i - 25. Determine d(0).
-25
Let n(d) = -6*d**3 - 3*d + 3. Give n(2).
-51
Let g(q) = q**3 - 14*q**2 + 2*q - 17. Calculate g(14).
11
Let c(f) = -4*f + 16. Calculate c(-12).
64
Let d(i) = -2*i + 3. Determine d(-4).
11
Let l(b) = b**3 - 3*b**2 - 7*b - 6. Determine l(5).
9
Let f(c) = -c**3 - 3*c**2 + 9*c + 13. What is f(-5)?
18
Let g(r) = -r**2 + 5*r - 5. What is g(2)?
1
Let m(j) = -2*j**2 + 28*j - 20. What is m(12)?
28
Let c(g) = -g**3 - 17*g**2 - 11*g + 19. Give c(-16).
-61
Let y(l) = -l**2 - 12*l - 13. Determine y(-9).
14
Let r(a) = -4*a**2 - 31*a - 9. Calculate r(-7).
12
Let t(b) = b**3 - 19*b - 18. Give t(-4).
-6
Let z(n) = n**3 - 16*n**2 + 29*n - 20. What is z(14)?
-6
Let j(h) = h**2 - 10*h - 29. Determine j(13).
10
Let o(p) = -p**3 + 11*p**2 - 13*p + 24. What is o(10)?
-6
Let p(x) = 5*x**3 - 2*x**2 - 2*x. Give p(-2).
-44
Let c(h) = -h**3 - 3*h**2 - 2*h - 5. Give c(-4).
19
Let t(u) = u**3 - 16*u**2 + 15*u - 21. What is t(15)?
-21
Let j(r) = 3*r + 3. Calculate j(8).
27
Let j(s) = s**3 + 15*s**2 + 16*s + 31. Calculate j(-14).
3
Let f(d) = 2*d**2 - 35*d + 17. Give f(17).
0
Let z(g) = -g**3 + 16*g**2 + 8*g - 110. What is z(16)?
18
Let n(l) = -l**3 + 9*l**2 - 12*l - 2. Calculate n(7).
12
Let w(m) = -2*m**2 + 10*m - 16. Calculate w(2).
-4
Let x(c) = c**3 + 17*c**2 + 30*c + 9. Give x(-15).
9
Let b(s) = -s**2 - 3*s + 7. Calculate b(3).
-11
Let v(z) = -z - 22. What is v(-10)?
-12
Let c(w) = -2*w**2 + 19*w. Give c(10).
-10
Let o(x) = 31*x - 1. Determine o(-1).
-32
Let n(t) = -11*t + 3. Calculate n(-2).
25
Let h(r) = -r**2 - 9*r - 4. What is h(-4)?
16
Let f(w) = 4*w - 2. What is f(2)?
6
Let r(q) = -q**2 - 2*q + 3. Determine r(4).
-21
Let w(x) = x - 10. What is w(0)?
-10
Let b(r) = 2*r + 11. Give b(-8).
-5
Let o(q) = q**3 - 6*q**2 - 16*q + 4. Give o(8).
4
Let h(u) = -3*u**2 - 5*u + 20. What is h(-4)?
-8
Let m(g) = -g**2 + 20*g - 41. Calculate m(17).
10
Let d(z) = -z**3 + 16*z**2 + 41*z - 86. Determine d(18).
4
Let q(r) = r**3 + 8*r**2 - 4*r + 9. Determine q(-9).
-36
Let h(z) = z - 17. Give h(8).
-9
Let n(i) = 54*i + 366. Determine n(-7).
-12
Let k(w) = -w**3 + 5*w**2 + 4*w - 6. Determine k(6).
-18
Let a(y) = -3*y**2 + 4. Give a(2).
-8
Let w(u) = -2*u**2 - u + 12. What is w(-5)?
-33
Let h(a) = a - 29. Give h(34).
5
Let f(p) = p**3 - 5*p**2 + 5*p + 4. Calculate f(5).
29
Let h(v) = -v**3 - 12*v**2 - 10*v - 3. Calculate h(-11).
-14
Let k(r) = -r**3 + 4*r**2 + 2*r + 10. Give k(5).
-5
Let h(d) = -8*d + 234. Calculate h(31).
-14
Let u(v) = -7*v**2 + 34*v + 8. Calculate u(5).
3
Let p(j) = -2*j**2 + 31*j - 96. Determine p(10).
14
Let f(s) = -24*s**2 - s - 1. Calculate f(-1).
-24
Let z(b) = -b**3 - 3*b**2 + 8*b + 5. Calculate z(-4).
-11
Let z(s) = -2*s - 23. Give z(-21).
19
Let q(i) = -i**2 + 24*i + 40. Give q(21).
103
Let h(p) = -p**3 - 7*p**2 + 4*p - 16. What is h(-8)?
16
Let m(j) = -2*j**3 - 5*j**2 - 15*j - 27. Calculate m(-3).
27
Let b(d) = d**3 + 6*d**2 + 8*d + 119. Give b(-7).
14
Let o(w) = 2*w + 40. Determine o(-19).
2
Let r(y) = -7*y - 13. Calculate r(-6).
29
Let l(o) = -o**2 + 79. Give l(0).
79
Let l(n) = -n - 7. What is l(1)?
-8
Let v(q) = -q**3 + 4*q**2 - 2*q + 7. Give v(4).
-1
Let l(k) = k**3 + 7*k**2 - 6*k - 13. What is l(-6)?
59
Let j(o